5 - 3)) + -9.
-23
What is 67 + -44 - 48 - -65?
40
What is -139 + 143 + 4 + 3 + -127?
-116
What is the value of (475 - 452) + (23 - 0) + -23?
23
Evaluate 15 - (50 + -90 - -43) - (1 + -1).
12
What is (-4 - (10 + 10 - 30)) + -3 - -82?
85
What is the value of -67 - ((-41 - 28) + 36)?
-34
(197 - 148) + -7 - (17 + 1)
24
Evaluate -19 + (1 - 10 - (12 - 25)).
-15
Evaluate (73 - -3 - (-41 - (-5 - 50))) + (1 - 6).
57
0 + 38 + -832 + 816 - -59
81
Evaluate -11 + 0 + (-709 - -699) + (-1 - -8 - 1).
-15
What is (4 - -22) + -44 - (-3 - 74)?
59
Calculate 8 + (227 - 224) + 16 + (5 - 3) + -4.
25
Calculate (-21 - (4 + -6 - 6)) + 35.
22
Calculate -108 - (-116 - (77 + -76)).
9
What is the value of -15 + (44 - (-17 - 38 - -35))?
49
What is (1 - 2) + -69 + (-3 - -31)?
-42
45 + -3 + (-10 - 11) + 3
24
Evaluate (-12 - (-3 + 2)) + -85 + (18 - -6 - 9).
-81
(-121 - 56) + 363 + -246
-60
-39 + -2 - ((-15 - -3) + -89 + 89)
-29
(7 - (23 - (7 + 30))) + 6 + 0
27
What is the value of -1072 - -966 - (-15 + (3 - 3))?
-91
Calculate -402 + 423 - (-13 + -1).
35
Calculate 3 + 115 + 55 + -4 + -57.
112
Calculate (2 - -10) + (4560 + -4666 - (-9 + -1 - 1)).
-83
What is the value of (2 - -37) + (38 - (-21 - -58))?
40
What is the value of -2 + -18 + (300 - 333)?
-53
Calculate -76 + 76 - 4 - (2 + 0 + 67 + 1).
-74
What is 16 + (-56 - (-44 + -24 + 45))?
-17
Calculate (-1 + -78 - (-3 + 5)) + (-34 - (-36 - 7)).
-72
Evaluate -28 + -45 + -18 + 29.
-62
What is 4 + (-32 - (-12 + 11 - -4)) + 8?
-23
What is -115 - 0 - ((-300 - -294) + (-13 - -12))?
-108
Evaluate -80 + (-13 + -17 - (-2 - 51)).
-57
Calculate -27 + 1 - (70 - 103) - 15.
-8
Calculate 21 + (-1 + -21 - -6) + -8.
-3
Evaluate 210 + -131 + (-6 - -67).
140
What is (39 - 35) + (-17 - 32) + 44?
-1
Evaluate (-7 - -6) + 2 + 7 - (40 - (-14 - 8)).
-54
Calculate (8 - 14) + 1 - (-3 - -1) - (-148 - -69).
76
1 + -9 - (-25 - (16 - (22 - 63)))
74
Calculate (2 - 2) + -8 + (-29 - (-87 + 44)).
6
-3 - (-7 + 3 - -14 - 120) - -16
123
Evaluate (133 - 91) + -96 - -168.
114
Evaluate (-12 - -38) + (4 - (3 + (1 - -7))).
19
21 + (-19 - (-38 - -6)) + 1 + -115
-80
Calculate -11 - (8 - (110 - -15) - 8 - (0 + 11)).
125
Evaluate (3 - (-11 - (-14 + 2))) + -8 + 5 + 38.
37
What is 13 + (12 - (3 - -39) - -14)?
-3
-2 + -16 + 90 + -52 + (-54 - -136)
102
Calculate -99 - -68 - (-5 + 1 - (4 + (-4 - 4))).
-31
-8 + 13 + 0 + -94 + (-18 + -35 - -50)
-92
Evaluate -3 - -3 - 3 - (-5 - -11) - (-83 + 144).
-70
48077 + -48066 + (1 - 0) + -66
-54
-1484 + 1517 + (-31 - -1)
3
75 + (-44 - (-27 - -39))
19
What is -66 + (50 - 32) - (-7 + 3)?
-44
Calculate (13 - (-16 + 30)) + -25 - 20.
-46
(-250 - -361 - 103) + (-12 - (-1 + 0 + 1))
-4
What is 20 + (62 - (-2 + 34)) + -40?
10
Calculate 1 - (3 + (0 - (-3 - -3))) - (-62 - -4).
56
What is -53 + 5 - ((5 - 81) + 55)?
-27
Evaluate (-2 - 0) + -11 + (-78 - 2) + (478 - 451).
-66
What is the value of 3 + 5 + -84 - -17 - (-9 - -1)?
-51
Calculate -29 - (78 + -34 - 30).
-43
Evaluate -22 - -32 - 49 - -7.
-32
Evaluate -70 + (175 - 57) + -28.
20
Evaluate 0 + 2 - (-35 - (-6 - (-21 + 31))).
21
(43 - (1 + 0)) + (-3 - (5 - (19 - 9)))
44
Calculate -5 + 1 + (38 - (44 - -19)) + -2.
-31
Calculate -90 - (60 + -130) - (1 - 21).
0
52 + -28 - -13 - 37 - -61
61
Evaluate 6 + ((14 - 11) + 3 - (14 - 1) - -14).
13
What is the value of 105 + (-29 - (7 - 12)) + (32 - 22)?
91
What is -1 + (-9 - 1) + (155 + -163 - (1 + -35))?
15
What is the value of -3 + 3 + (4 - 21) - (12 + 13 + -14)?
-28
-1499 + 1529 + (18 - -2)
50
Evaluate 4 + (25 - (-33 - 6)).
68
Evaluate 666 - 253 - 395 - (38 + 0 - 1).
-19
What is the value of -14 - (1 - -2 - (-281 - -292))?
-6
(-14 - (-19 + 13)) + (-3 - (-5 + -9)) + -25
-22
What is -11 - (6 + 6 + -9) - -49?
35
What is 28 + (87 - ((19 - -25) + 4))?
67
18 + 39 + -18 + (-10 - (-4 + 103))
-70
21 - ((18 - 32) + 48) - (0 + -2)
-11
What is -33 - (-2 - (5 - (12 + -3)) - -7)?
-42
Calculate -11 + -1 + (-2 + 12 - (180 - 165)).
-17
Calculate 23 - ((-26 - (-67 - -12)) + 52).
-58
What is 52 + -6 - (-269 + 277)?
38
Calculate 32 + -10 + 31 + -40 + 39 + 0.
52
What is the value of 35 + -27 - -28 - 30?
6
34 + (-7 - (-10 + (-9 - 2))) + 9
57
Evaluate (21 - 87) + -5 + 14 + -2 + -6 + -5.
-70
Evaluate (-2 - 2 - (-20 + 24 + -18)) + -18 + 143.
135
What is 110 + -23 + -7 - (4 + 14)?
62
Calculate 40 + (-16 - 13) - (5 + 0 + 47).
-41
What is the value of 20 - -6 - -16 - 11 - 21?
10
Calculate 15 - (56 - 16) - (0 - -5 - 19) - -38.
27
What is 387 + -389 + (7 - (2 - -1))?
2
Calculate 3 - 3 - -2 - (1391 - 1407).
18
What is the value of 12 + -28 - (157 + -183)?
10
-7619 + 7599 - (-2 - (-1 + 63 + -1))
43
Evaluate (24 - -3) + -88 - 43.
-104
Evaluate 54 + (27 - 55 - -7).
33
Calculate -311 - -296 - (86 + -8 - 6).
-87
Calculate 8 + -11 + (-4 - (0 - -3)) + -26 + 37.
1
Evaluate 95 + 12 + 26 + -22 + -2 + 7 + -29.
87
Evaluate 56 + 4 - (6 - -30).
24
Evaluate (38 - 1) + -92 - -17.
-38
Evaluate 88 + (38 - (31 + 4 - -4)).
87
What is the value of 42 - (-7 + -2 + -11 + 31 - 10)?
41
126 - (97 - 117) - 191
-45
What is the value of -28 + 0 + (2 - 1) - (-17739 + 17752)?
-40
What is the value of -51 + 3 + 1 - ((-26 - -29) + -10)?
-40
Evaluate 12 + -18 + 40 + (3 - -13).
50
What is (-115 - -9 - (11 + -48)) + 18 + 0?
-51
What is 9 - (28 - (-11 - (-1 + -44)))?
15
What is the value of 0 - -87 - (2196 - 2028)?
-81
Calculate 4 + 27 + (-190 - -176) + 2 + 55.
74
Evaluate (-60 + 14 + 29 - (2 - 82)) + -16.
47
Calculate -16 + -21 + 33 - -41.
37
Calculate (-28 - 26 - -11) + 107 + -15.
49
What is -15 - (21 + -41 + 3 + -10)?
12
(12 + -27 - -7) + 0 - (-1 + -3)
-4
Calculate 62 - (0 - -1) - (37 - 28 - 65 - -44).
73
-66 + -29 + (94 - 41)
-42
What is the value of -14 - (-11 + (-14 - -39) + 27)?
-55
-29 - (256 + -100 + -82)
-103
What is the value of 19 + -1 + (-45 - (-58 + 33)) + 37?
35
Evaluate 59 - -1 - (-6 + 14 - (-53 - -50)).
49
Calculate (9 - (2 + 1)) + 2 + -3 - (3105 + -3106).
6
1 + (23 - 14) + 32
42
What is the value of -1 - -28 - (-81 - (-47 + -24))?
37
-15 + (-16 - (-13 - 2))
-16
What is (2 - 0) + 4 + -878 + 899?
27
101 + -4 + 14 + -42 + 26
95
What is 6 + (4 - (-1 + -12 - (-74 + 64)))?
13
31 + 339 + -386 - (-30 - -1)
13
Evaluate 12 + -7 - ((0 - 1) + -47 + 13 - -9).
31
Calculate (23 - (42 - 24)) + 25.
30
Calculate 15 - (3 - 1) - (-7841 - -7818).
36
Evaluate (2 - -7 - 1) + (-2345 - -2354) + -6.
11
What is 92 - (61 - 46 - -81)?
-4
What is -4 + 2 + -3 + -7 + (147 - 153)?
-18
Evaluate 0 - (-7 + -2) - (-23 + (4 - -18) - 21).
31
Evaluate -1 + (-54 - -12 - (-5 - -7)) + -8.
-53
Evaluate -23 + (-26 - -12 - -3) + -1 + (10 - 2).
-27
What is the value of (-1 - -5 - 4 - (-12 - 4 - -6)) + -60?
-50
-1543 + 1666 + (-190 - 13)
-80
Evaluate -112 - (-16 - (-28 - -44)) - (0 - 10).
-70
Evaluate 121 + 1 + 6 + -30 + 0.
98
What is the value of (-10 - -48) + 21 + -46?
13
What is the value of 39 + 6 + 29 + -103?
-29
What is the value of 57 + 3 - (167 - 44)?
-63
Calculate -80 + 16 - 18 - 22.
-104
396 - 404 - (-49 - 2 - (0 - (-4 - -7)))
40
Evaluate -1 - ((-13 - -4) + -4 + 19) - (43 + -1).
-49
Evaluate -25 + (0 - -2) + (35 + -18 - 40) + 17.
-29
Evaluate (3 - -28) + -61 + 0 + -1.
-31
Evaluate (30 - (31 + (17 - 16))) + (-1 - -25).
22
Calculate ((-7 - (7 - 25) - 15) + 5 - -67) + 1.
69
Evaluate -8 + (0 - 0) + 4 + -1 - (-4569 - -4568).
-4
1 + -22 - ((2 - (20 + -12)) + 3 + 14)
-32
What is -3 + 41 - (-65 - -89)?
14
What is the value of 7 - (20 - (4 + -11))?
-20
((-11 - 0) + (2 - 0) - (-18 + 11)) + -20
-22
What is (-2 - 11) + (-67 - ((159 - 174) + (-1 - 1)))?
-63
What is the value of -29 - (-1 + -6 - -13) - (-14 + 18) - -2?
-37
Calculate (42 - -10) + 35 + -176.
-89
Evaluate 55 + (0 - 2 - -2) - (6445 - 6436).
46
What is (5 - (5 + 71)) + (-19 - -116 - 122)?
-96
Evaluate (42 - (-8 + 0 - 5 - -24)) + 7.
38
What is the value of (4 - 12 - 3) + -13 + 106 + -16?
66
Evaluate -9 + (-5 - 17) + 19 - -22.
10
What is (-108 - -126) + (-7 + 16 - 7)?
20
Calculate 11 - (-3 - (16 - (0 - -5) - (49 + -26))).
2
What is (12 - -1) + (-82 - (33 + -74))?
-28
-10 - (75 + (-66 - -5) + -59 + 3 + -3)
35
Calculate 38 - (0 - (2 + 13 + (-20 - 0))).
33
What is -3 + 69 - (361 + -339)?
44
Evaluate ((-12 - (-7 + 17)) + 33 - 14) + 88.
85
9 + (-27 - (-1 + -4) - -11 - -11)
9
What is (2 - -22) + -37 + (-7 - -30) + 6?
16
Calculate -12 + 15 - -11 - (-7 - (33 - 3)).
51
-181 + 30 + 150 - (0 + 1 + 24)
-26
Evalua